{"id":7,"date":"2018-06-15T07:41:47","date_gmt":"2018-06-15T05:41:47","guid":{"rendered":"http:\/\/sylvainbjq.cluster007.ovh.net\/mam\/?page_id=7"},"modified":"2024-08-24T15:52:12","modified_gmt":"2024-08-24T13:52:12","slug":"accueil","status":"publish","type":"page","link":"https:\/\/www.zeldabou-philosophe.fr\/","title":{"rendered":"Accueil"},"content":{"rendered":"<p>Sur cette page, Zeldabou philosophe, commente, critique, s&rsquo;enthousiasme, s&rsquo;insurge, po\u00e9tise, photographie, r\u00eave d&rsquo;un monde meilleur.<\/p>\n<p>Pour suivre son actualit\u00e9, inscrivez-vous ci-contre en mentionnant votre adresse mail.<\/p>\n<p>AVERTISSEMENT :<\/p>\n<p>Pour lire l&rsquo;int\u00e9gralit\u00e9 d&rsquo;un article, cliquez sur le titre ou sur la date mentionn\u00e9e en-dessous.<\/p>\n","protected":false},"excerpt":{"rendered":"<p>Sur cette page, Zeldabou philosophe, commente, critique, s&rsquo;enthousiasme, s&rsquo;insurge, po\u00e9tise, photographie, r\u00eave d&rsquo;un monde meilleur. Pour suivre son actualit\u00e9, inscrivez-vous ci-contre en mentionnant votre adresse mail. AVERTISSEMENT : Pour lire l&rsquo;int\u00e9gralit\u00e9 d&rsquo;un article, cliquez sur le titre ou sur la date mentionn\u00e9e en-dessous.<\/p>\n","protected":false},"author":1,"featured_media":0,"parent":0,"menu_order":0,"comment_status":"closed","ping_status":"closed","template":"","meta":{"footnotes":""},"_links":{"self":[{"href":"https:\/\/www.zeldabou-philosophe.fr\/index.php\/wp-json\/wp\/v2\/pages\/7"}],"collection":[{"href":"https:\/\/www.zeldabou-philosophe.fr\/index.php\/wp-json\/wp\/v2\/pages"}],"about":[{"href":"https:\/\/www.zeldabou-philosophe.fr\/index.php\/wp-json\/wp\/v2\/types\/page"}],"author":[{"embeddable":true,"href":"https:\/\/www.zeldabou-philosophe.fr\/index.php\/wp-json\/wp\/v2\/users\/1"}],"replies":[{"embeddable":true,"href":"https:\/\/www.zeldabou-philosophe.fr\/index.php\/wp-json\/wp\/v2\/comments?post=7"}],"version-history":[{"count":8,"href":"https:\/\/www.zeldabou-philosophe.fr\/index.php\/wp-json\/wp\/v2\/pages\/7\/revisions"}],"predecessor-version":[{"id":592,"href":"https:\/\/www.zeldabou-philosophe.fr\/index.php\/wp-json\/wp\/v2\/pages\/7\/revisions\/592"}],"wp:attachment":[{"href":"https:\/\/www.zeldabou-philosophe.fr\/index.php\/wp-json\/wp\/v2\/media?parent=7"}],"curies":[{"name":"wp","href":"https:\/\/api.w.org\/{rel}","templated":true}]}}